 
{"id":24,"date":"2017-10-11T17:56:57","date_gmt":"2017-10-11T14:56:57","guid":{"rendered":"http:\/\/cee.dy.fi\/saskia\/?page_id=24"},"modified":"2025-10-17T09:06:57","modified_gmt":"2025-10-17T06:06:57","slug":"taidetta_sairaaloihin-ja-muihin-kohteisiin","status":"publish","type":"page","link":"http:\/\/www.saskia.fi\/index.php\/taidetta_sairaaloihin-ja-muihin-kohteisiin\/","title":{"rendered":"Taidetta_sairaaloihin ja muihin kohteisiin"},"content":{"rendered":"<div id=\"left_panel\">\n<div id=\"sidebar\">\n<h4>Otsikot<\/h4>\n<p><a href=\"#taidetta_sairaaloihin\">Taidetta sairaaloihin ja muihin kohteisiin<\/a><\/p>\n<\/div>\n<\/div>\n<div id=\"center_panel\">\n<h2 id=\"taidetta_sairaaloihin\">Taidetta sairaaloihin ja muihin kohteisiin<\/h2>\n<p>Helsingin Saskia ry. on sijoittanut omistamaansa taidetta sairaaloihin ja muihin julkisiin laitoksiin luomaan viihtyisyytta\u0308 ja virikkeita\u0308 potilaille, asiakkaille, omaisille ja henkilo\u0308kunnalle. Taideteoksia on sijoitettu toiminnan alkuvuosina Helsingissa\u0308 sijaitseviin sairaaloihin, mutta viime vuosina deponointi on laajentunut myo\u0308s muihin pa\u0308a\u0308kaupunkiseudulla sijaitseviin sairaaloihin ja vanhusten palvelukoteihin. Sijoitetut taideteokset ovat taidegrafiikkaa, maalauksia, veistoksia ja kollaasheja.<\/p>\n<p>Yhdistys on deponoinut kaikkiaan yli 500 taideteosta. Teoksista l\u00e4hes 200 kuuluu Arvo Summasen kokoelmaan, parisenkymment\u00e4 teosta Erkki Heikkisen, noin 80 Helga Reinikainen- Somersalon ja Heikki Somersalon kokoelmaan seka\u0308 noin 250 teosta Saskioiden muuhun lahjoituksina saamaan tai ostamalla hankkimaan taidekokoelmaan.<\/p>\n<p>Saskioiden taidetta sairaaloihin -toiminnalla on pitka\u0308lti samansuuntaisia pa\u0308a\u0308ma\u0308a\u0308ria\u0308 kuin mielenterveysalalla toimivien eri yhteiso\u0308jen Terveytta\u0308 kulttuurista-toiminnalla on. Teossijoitusten yhteydessa\u0308 on myo\u0308s ja\u0308rjestetty tilaisuuksia, joissa teemana on ollut taiteen merkitys terveydelle. Alustajina on kuultu alan asiantuntijoita ja monet esitta\u0308va\u0308t taiteilijat ovat antaneet panoksensa tilaisuuksien onnistumiseen.<\/p>\n<h3><strong>Teossijoitukset Helsingin sairaaloihin ja muihin tiloihin<\/strong><\/h3>\n<ul>\n<li>Helsingin kaupunki, Auroran sairaala<\/li>\n<\/ul>\n<ul>\n<li>HUS, Naistenklinikka, vanhuspsykiatrian yksikk\u00f6, Peijaksen sairaala ja muut pisteet<\/li>\n<li>A-klinikka Oy P\u00e4ihdesairaala<\/li>\n<\/ul>\n<h3><strong>Arvo Summasen taidekokoelman teossijoitukset<\/strong><\/h3>\n<ul>\n<li>HUS<\/li>\n<li>Live-S\u00e4\u00e4ti\u00f6<\/li>\n<li>eQ Kiint. Oy Helsingin Tenholantie 10<\/li>\n<\/ul>\n<h3><strong>Erkki Heikkisen taidekokoelman teossijoitukset<\/strong><\/h3>\n<ul>\n<li>HUS, Kirurginen sairaala ja eri pisteet<\/li>\n<li>Ravintola Salve<\/li>\n<\/ul>\n<h3><strong>Helga sek\u00e4 Heikki Somersalon taidekokoelman teossijoitukset<\/strong><\/h3>\n<ul>\n<li>Senioris\u00e4\u00e4ti\u00f6, Pakilakoti<\/li>\n<li>Helsingin kaupunki Suursuon sairaala<\/li>\n<li>Helsingin kaupunki, Auroran sairaala<\/li>\n<li>HUS<\/li>\n<li><\/li>\n<\/ul>\n<div class=\"spacer\"><\/div>\n<\/div>\n","protected":false},"excerpt":{"rendered":"<p>Otsikot Taidetta sairaaloihin ja muihin kohteisiin Taidetta sairaaloihin ja muihin kohteisiin Helsingin Saskia ry. on sijoittanut omistamaansa taidetta sairaaloihin ja muihin julkisiin laitoksiin luomaan viihtyisyytta\u0308 ja virikkeita\u0308 potilaille, asiakkaille, omaisille ja henkilo\u0308kunnalle. Taideteoksia on sijoitettu toiminnan alkuvuosina Helsingissa\u0308 sijaitseviin sairaaloihin, mutta viime vuosina deponointi on laajentunut myo\u0308s muihin pa\u0308a\u0308kaupunkiseudulla sijaitseviin sairaaloihin ja vanhusten palvelukoteihin. Sijoitetut [&hellip;]<\/p>\n","protected":false},"author":2,"featured_media":0,"parent":0,"menu_order":0,"comment_status":"closed","ping_status":"closed","template":"","meta":[],"_links":{"self":[{"href":"http:\/\/www.saskia.fi\/index.php\/wp-json\/wp\/v2\/pages\/24"}],"collection":[{"href":"http:\/\/www.saskia.fi\/index.php\/wp-json\/wp\/v2\/pages"}],"about":[{"href":"http:\/\/www.saskia.fi\/index.php\/wp-json\/wp\/v2\/types\/page"}],"author":[{"embeddable":true,"href":"http:\/\/www.saskia.fi\/index.php\/wp-json\/wp\/v2\/users\/2"}],"replies":[{"embeddable":true,"href":"http:\/\/www.saskia.fi\/index.php\/wp-json\/wp\/v2\/comments?post=24"}],"version-history":[{"count":14,"href":"http:\/\/www.saskia.fi\/index.php\/wp-json\/wp\/v2\/pages\/24\/revisions"}],"predecessor-version":[{"id":2948,"href":"http:\/\/www.saskia.fi\/index.php\/wp-json\/wp\/v2\/pages\/24\/revisions\/2948"}],"wp:attachment":[{"href":"http:\/\/www.saskia.fi\/index.php\/wp-json\/wp\/v2\/media?parent=24"}],"curies":[{"name":"wp","href":"https:\/\/api.w.org\/{rel}","templated":true}]}}