 
{"id":20,"date":"2017-10-11T17:55:17","date_gmt":"2017-10-11T14:55:17","guid":{"rendered":"http:\/\/cee.dy.fi\/saskia\/?page_id=20"},"modified":"2025-11-21T10:05:04","modified_gmt":"2025-11-21T08:05:04","slug":"avustukset","status":"publish","type":"page","link":"https:\/\/www.saskia.fi\/index.php\/avustukset\/","title":{"rendered":"Avustukset &#038; stipendit"},"content":{"rendered":"<div id=\"left_panel\">\n<div id=\"sidebar\">\n<h3><\/h3>\n<h3><\/h3>\n<p><a href=\"#otsikko_1Avustukset ja stipendit\">Avustukset ja stipendit<\/a><br \/>\n<a href=\"#otsikko_2\">Stipendit<\/a><\/p>\n<\/div>\n<\/div>\n<div id=\"center_panel\">\n<h3>Avustukset ja stipendit<\/h3>\n<p><strong>Kuvataiteilijoiden avustaminen<\/strong><\/p>\n<p>Helsingiss\u00e4 tai p\u00e4\u00e4kaupunkiseudulla asuva tai ty\u00f6skentelev\u00e4 taloudellisiin tai henkisiin vaikeuksiin sairauden, kuolemantapauksen tai muun vastaavan syyn takia joutunut kuvataiteilija <em>voi hakea avustusta yhdistykselt\u00e4 vapaamuotoisesti<\/em> esim. puheenjohtajan s\u00e4hk\u00f6postin kautta. Hakemuslomaketta ei ole. Avustuksesta p\u00e4\u00e4tt\u00e4\u00e4 yhdistyksen hallitus. Avustuspyynn\u00f6t pyrit\u00e4\u00e4n k\u00e4sittelem\u00e4\u00e4n mahdollisimman nopeasti. Kes\u00e4tauon aikana (kes\u00e4-elokuu) ja joulukuussa hakemuksia k\u00e4sitell\u00e4\u00e4n vain erityisiss\u00e4 poikkeustilanteissa.<\/p>\n<p>Hakemuksessa tulee selvitt\u00e4\u00e4 seikkaper\u00e4isesti avustuksen tarve ja ne olosuhteet, jotka ovat johtaneet tilanteeseen. Hakemukseen on liitett\u00e4v\u00e4 taloudellista tilannetta valaisevat liitteet.<\/p>\n<p>Hakijan tulee ilmoittaa, mink\u00e4 suuruista avustusta h\u00e4n pyyt\u00e4\u00e4 ja mik\u00e4 olisi sen ensisijainen k\u00e4ytt\u00f6tarkoitus. Lis\u00e4ksi tulee selvitt\u00e4\u00e4 kattavasti hakijan taloudellinen tilanne, t\u00e4m\u00e4nhetkiset tulot ja menot, viimeksi vahvistetun verotuksen mukainen verotettava vuositulo.<\/p>\n<p>Hallituksen mahdollisuuksia arvioida tilannetta auttaa viel\u00e4 tieto siit\u00e4, mink\u00e4laisia mahdollisuuksia hakijalla on taloudellisen tilanteensa parantamiseen esim. teoksia myym\u00e4ll\u00e4, apurahoja tai toimeentulotukea hakemalla<\/p>\n<div class=\"spacer\"><\/div>\n<h2 id=\"otsikko_2\">Stipendit<\/h2>\n<p>Avustusten lis\u00e4ksi Helsingin Saskia ry my\u00f6nt\u00e4\u00e4 tunnustusstipendej\u00e4.<em>Stipendi\u00e4 ei voi hakea<\/em>. Stipendien jaosta p\u00e4\u00e4tt\u00e4\u00e4 yhdistyksen hallitus. Stipendit voivat perustua my\u00f6s onnittelu- tai osanottoker\u00e4ykseen, jolloin onnittelujen kohde tai poismenneen omaiset ovat voineet esitt\u00e4\u00e4 stipendin saajaa.<\/p>\n<p>Yhdistys pyrkii jakamaan vuosittain kolme stipendi\u00e4, joiden suuruudet ovat vaihdelleet 1 500 \u2013 3 000 euron v\u00e4lill\u00e4. Syyskokouksessa jaetaan yksi stipendi ja kev\u00e4\u00e4n vuosikokouksessa kaksi stipendi\u00e4, joista toinen jaetaan Taideyliopiston Kuvataideakatemian Kuvan Kev\u00e4t- maisteriohjelman lopputy\u00f6n\u00e4yttelyss\u00e4 esiintyv\u00e4lle opintojaan viimeistelev\u00e4lle taiteilijalle.<\/p>\n<p>Mahdollisuuksien mukaan stipendej\u00e4 voidaan jakaa useampiakin. Yhdistyksen k\u00e4ytett\u00e4viss\u00e4 olevat rahavarat asettavat luonnollisesti reunaehdot sille, voidaanko stipendi ylip\u00e4\u00e4t\u00e4\u00e4n jakaa.<\/p>\n<\/div>\n<p><strong>\u00a0\u00a0\u00a0\u00a0\u00a0\u00a0\u00a0\u00a0\u00a0\u00a0\u00a0\u00a0\u00a0\u00a0\u00a0\u00a0\u00a0\u00a0\u00a0\u00a0\u00a0\u00a0\u00a0\u00a0\u00a0\u00a0\u00a0\u00a0\u00a0\u00a0\u00a0\u00a0\u00a0\u00a0\u00a0\u00a0\u00a0\u00a0\u00a0\u00a0\u00a0\u00a0\u00a0\u00a0\u00a0\u00a0\u00a0\u00a0\u00a0\u00a0\u00a0\u00a0\u00a0\u00a0\u00a0\u00a0\u00a0\u00a0\u00a0\u00a0\u00a0\u00a0\u00a0\u00a0\u00a0\u00a0\u00a0\u00a0\u00a0\u00a0\u00a0\u00a0\u00a0\u00a0\u00a0\u00a0\u00a0\u00a0\u00a0\u00a0\u00a0\u00a0\u00a0\u00a0\u00a0\u00a0\u00a0\u00a0\u00a0\u00a0\u00a0\u00a0\u00a0\u00a0\u00a0\u00a0\u00a0\u00a0\u00a0\u00a0\u00a0\u00a0\u00a0\u00a0\u00a0\u00a0\u00a0\u00a0\u00a0\u00a0\u00a0\u00a0\u00a0\u00a0\u00a0\u00a0\u00a0\u00a0\u00a0\u00a0\u00a0\u00a0\u00a0\u00a0\u00a0\u00a0\u00a0\u00a0\u00a0\u00a0\u00a0\u00a0\u00a0\u00a0\u00a0\u00a0\u00a0\u00a0\u00a0\u00a0\u00a0\u00a0\u00a0\u00a0\u00a0\u00a0\u00a0\u00a0\u00a0\u00a0\u00a0\u00a0\u00a0\u00a0\u00a0\u00a0\u00a0\u00a0\u00a0\u00a0\u00a0\u00a0\u00a0\u00a0\u00a0\u00a0\u00a0\u00a0\u00a0\u00a0\u00a0\u00a0\u00a0\u00a0\u00a0\u00a0\u00a0\u00a0\u00a0\u00a0\u00a0\u00a0\u00a0\u00a0\u00a0\u00a0\u00a0\u00a0\u00a0\u00a0\u00a0\u00a0\u00a0\u00a0\u00a0\u00a0\u00a0\u00a0\u00a0\u00a0\u00a0\u00a0\u00a0\u00a0\u00a0\u00a0\u00a0\u00a0\u00a0\u00a0\u00a0\u00a0\u00a0\u00a0\u00a0\u00a0\u00a0\u00a0\u00a0\u00a0\u00a0\u00a0\u00a0\u00a0\u00a0\u00a0\u00a0\u00a0\u00a0\u00a0\u00a0\u00a0\u00a0\u00a0\u00a0\u00a0\u00a0\u00a0\u00a0 <\/strong><\/p>\n<div id=\"center_panel\">\n<p><strong>Vuonna 2025 stipendin saaneet kuvataiteilijat<\/strong><\/p>\n<p>Saskia-stipendin saaja kuvataiteilija <strong>Vilma M\u00e4\u00e4tt\u00e4nen<\/strong> (s.1989) yhdistyksen syyskokouksen yhteydess\u00e4 20.11.2025<\/p>\n<p>Saskia-stipendin saaja kuvataiteilija <strong>Linda Roschier<\/strong> (s. 1979) yhdistyksen vuosikokouksen yhteydess\u00e4 27.5.2025<\/p>\n<p>Kuvataiteilija<strong> Jone Mutka<\/strong> (s.1993), Taideyliopiston Kuvataideakatemian KUVAN KEV\u00c4T-maisterin\u00e4yttelyst\u00e4 Saskia-stipendin saajaksi yhdistyksen vuosikokouksessa 27.5.2025<\/p>\n<p>&nbsp;<\/p>\n<p><strong>Vuonna 2024 stipendin saaneet kuvataiteilijat<\/strong><\/p>\n<p>Saskia-stipendin saaja kuvanveist\u00e4j\u00e4 <strong>Emilia Niskasaari<\/strong> (s.1981) yhdistyksen syyskokouksen yhteydess\u00e4 28.11.2024<\/p>\n<p>Saskia-stipendin saaja kuvataiteilija <strong>Rose-Mari Torpo<\/strong> (s. 1977) yhdistyksen vuosikokouksen yhteydess\u00e4 22.5.2024<\/p>\n<p>Kuvataiteilija<strong> Arno Westerberg<\/strong> (s.1998), Taideyliopiston Kuvataideakatemian KUVAN KEV\u00c4T-maisterin\u00e4yttelyst\u00e4 Saskia-stipendin saajaksi yhdistyksen vuosikokouksessa 22.5.2024<\/p>\n<p><strong>Vuonna 2023 stipendin saaneet kuvataiteilijat <\/strong><\/p>\n<p>2023 Kuvataiteilija (AMK)<strong> Janne Saarinen<\/strong> (s.1995), Taideyliopiston Kuvataideakatemian KUVAN KEV\u00c4T-maisterin\u00e4yttelyst\u00e4 Saskia-stipendi yhdistyksen vuosikokouksessa 24.5.2023<\/p>\n<p><strong>Yhdistyksen 75-vuotisjuhlassa 12.5.2023 oli ilo jakaa juhlavuoden kunniaksi per\u00e4ti viisi stipendi\u00e4 seuraaville taiteilijoille:\u00a0<\/strong><\/p>\n<\/div>\n<div id=\"center_panel\">\n<ul>\n<li style=\"list-style-type: none;\">\n<ul>\n<li style=\"list-style-type: none;\">\n<ul>\n<li>Kuvanveist\u00e4j\u00e4 <strong>Maisa Majakka<\/strong> (s.1989), Veikko Nuutisen muistorahastosta<\/li>\n<li>Taidemaalari <strong>Jyri Ala-Ruona<\/strong> (s.1986), Arvo Summasen taiderahastosta<\/li>\n<li>Taidegraafikko <strong>Natalie Hamada<\/strong> (s.1994), Erkki Heikkisen muistorahastosta<\/li>\n<li>Kuvataiteilija <strong>Sara Pathirane <\/strong>(s.1985), Saskian stipendirahastosta<\/li>\n<li>Valokuvataiteilija <strong>Mari Hokkanen <\/strong>(s.1979), Saskian stipendirahastostosta<\/li>\n<\/ul>\n<\/li>\n<\/ul>\n<\/li>\n<\/ul>\n<h3><strong>Aiemmin stipendin saaneet kuvataiteilijat<\/strong><\/h3>\n<p>2022 Kuvataiteilija Anna Sepp\u00e4l\u00e4<\/p>\n<p>2022 Kaisa Huotari (KuM)<\/p>\n<p>2021 Iiiri Poteri (KuM)<\/p>\n<p>2021 Alina Sinivaara (TaM)<\/p>\n<p>2021 Riikka Anttonen<\/p>\n<p>2020 Henriikka Kivel\u00e4<\/p>\n<p>2020 Hanna Kanto<\/p>\n<p>2020 Jussi Juurinen<\/p>\n<p>2019 Saska Yl\u00e4talo<\/p>\n<p>2019 Tuuli Saarekas, Saskia-stipendi<\/p>\n<p>2018 Nuoret taidegraafikot &#8211; n\u00e4yttelystipendi<\/p>\n<p>2018 Essi Kuokkanen &#8211; Erkki Heikkisen stipendi<\/p>\n<p>2018 Helena Hietanen\u00a0 &#8211; Valtakunnallinen Saskia-stipendi<\/p>\n<p>2018 Suvi Forssen &#8211; Erkki Heikkisen stipendi<\/p>\n<p>2017 Antti Minkkinen<\/p>\n<p>2017 Marjaana Savander<\/p>\n<p>2017 Iisa Maaranen<\/p>\n<p>2016 Bogna Wisniewska ja Jani H\u00e4nninen<\/p>\n<p>2015 Sanni Saarenp\u00e4\u00e4<\/p>\n<p>2015 Katri Kainulainen<\/p>\n<p>2014 P\u00e4ivikki Alar\u00e4ih\u00e4 ja Tapani Kokko<\/p>\n<p>2013 Noora Ylipieti<\/p>\n<p>2012 Tiina Pyykkinen ja Laura K\u00f6n\u00f6nen<\/p>\n<p>2011 Jenni Eskola ja Sari Bremer<\/p>\n<p>2010 Antti Nyyss\u00f6l\u00e4 ja Carita Savolainen<\/p>\n<p>2009 Ella Valkeap\u00e4\u00e4 ja Anssi Kasitonni<\/p>\n<p>2008 Marja Helander &#8211; Valtakunnallinen Saskia-stipendi<\/p>\n<p>2008 Sakari Kannosto &#8211; Annikki Tukiaisen stipendi<\/p>\n<p>2008 Aino J\u00e4\u00e4skel\u00e4inen &#8211; Arvo Summasen stipendi<\/p>\n<p>2007 Antti Matinlauri &#8211; Arvo Summasen stipendi ja Heli Kurunsaari<\/p>\n<p>2006 Rauha M\u00e4kil\u00e4 ja Hannele Kyl\u00e4np\u00e4\u00e4<\/p>\n<p>2005 Ville M\u00e4ki-Koskela<\/p>\n<p>2004 Sami Lukkarinen, Kimi Pakarinen ja Eeva Kirin<\/p>\n<p>2003 Pasi Karjula, Sofia Saari ja Pirjo Malkki<\/p>\n<p>2002 Kaari Martikainen, Petri Makkonen ja Marja Hakala<\/p>\n<p>2001 Kaijariitta Iivonen<\/p>\n<p>1999 P\u00e4ivi Sir\u00e9n ja Pekka Ryyn\u00e4nen<\/p>\n<p>1998 Hannu Gebhard, Minna Tuominen, Erkki Hienonen ja Visa Norros<\/p>\n<p>1997 Risto Heikinheimo ja Christine Candolin<\/p>\n<h3><b>Suomen Kulttuurirahaston Saskia-stipendi<\/b><\/h3>\n<p>T\u00e4ytt\u00e4ess\u00e4\u00e4n 40 vuotta vuonna 1988 Helsingin Saskia ry lahjoitti Suomen Kulttuurirahastolle varat, joista muodostettiin oma rahasto. Helsingin Saskia -rahaston apurahat my\u00f6nnet\u00e4\u00e4n osana Suomen Kulttuurirahaston apurahojen jakoa.<\/p>\n<\/div>\n<div id=\"center_panel\">\n<div class=\"spacer\"><\/div>\n<\/div>\n","protected":false},"excerpt":{"rendered":"<p>Avustukset ja stipendit Stipendit Avustukset ja stipendit Kuvataiteilijoiden avustaminen Helsingiss\u00e4 tai p\u00e4\u00e4kaupunkiseudulla asuva tai ty\u00f6skentelev\u00e4 taloudellisiin tai henkisiin vaikeuksiin sairauden, kuolemantapauksen tai muun vastaavan syyn takia joutunut kuvataiteilija voi hakea avustusta yhdistykselt\u00e4 vapaamuotoisesti esim. puheenjohtajan s\u00e4hk\u00f6postin kautta. Hakemuslomaketta ei ole. Avustuksesta p\u00e4\u00e4tt\u00e4\u00e4 yhdistyksen hallitus. Avustuspyynn\u00f6t pyrit\u00e4\u00e4n k\u00e4sittelem\u00e4\u00e4n mahdollisimman nopeasti. Kes\u00e4tauon aikana (kes\u00e4-elokuu) ja joulukuussa hakemuksia [&hellip;]<\/p>\n","protected":false},"author":2,"featured_media":0,"parent":0,"menu_order":0,"comment_status":"closed","ping_status":"closed","template":"","meta":[],"_links":{"self":[{"href":"https:\/\/www.saskia.fi\/index.php\/wp-json\/wp\/v2\/pages\/20"}],"collection":[{"href":"https:\/\/www.saskia.fi\/index.php\/wp-json\/wp\/v2\/pages"}],"about":[{"href":"https:\/\/www.saskia.fi\/index.php\/wp-json\/wp\/v2\/types\/page"}],"author":[{"embeddable":true,"href":"https:\/\/www.saskia.fi\/index.php\/wp-json\/wp\/v2\/users\/2"}],"replies":[{"embeddable":true,"href":"https:\/\/www.saskia.fi\/index.php\/wp-json\/wp\/v2\/comments?post=20"}],"version-history":[{"count":90,"href":"https:\/\/www.saskia.fi\/index.php\/wp-json\/wp\/v2\/pages\/20\/revisions"}],"predecessor-version":[{"id":2965,"href":"https:\/\/www.saskia.fi\/index.php\/wp-json\/wp\/v2\/pages\/20\/revisions\/2965"}],"wp:attachment":[{"href":"https:\/\/www.saskia.fi\/index.php\/wp-json\/wp\/v2\/media?parent=20"}],"curies":[{"name":"wp","href":"https:\/\/api.w.org\/{rel}","templated":true}]}}