 
{"id":32,"date":"2017-10-11T18:01:58","date_gmt":"2017-10-11T15:01:58","guid":{"rendered":"http:\/\/cee.dy.fi\/saskia\/?page_id=32"},"modified":"2024-09-05T15:06:19","modified_gmt":"2024-09-05T12:06:19","slug":"taidekokoelmat_ja_rahastot","status":"publish","type":"page","link":"https:\/\/www.saskia.fi\/index.php\/taidekokoelmat_ja_rahastot\/","title":{"rendered":"Taidekokoelmat ja rahastot"},"content":{"rendered":"<div id=\"left_panel\">\r\n<div id=\"sidebar\">\r\n<h4>Otsikot<\/h4>\r\n<p><a href=\"#rahasto\">Taidekokoelmat ja rahastot<\/a><\/p>\r\n<\/div>\r\n<\/div>\r\n<div id=\"center_panel\">\r\n<h2 id=\"rahasto\">Taidekokoelmat ja rahastot<\/h2>\r\n<p>J\u00e4ljemp\u00e4n\u00e4 kuvattujen Arvo Summasen, Erkki Heikkisen seka\u0308 Helga Reinikainen-Somersalon ja Heikki Somersalon taidekokoelmien lisa\u0308ksi yhdistys on vuosien mittaan saanut lahjoituksina taiteilijoilta, Suomen Taidegraafikoilta ja yksityishenkil\u00f6ilt\u00e4 useita taideteoksia ja myo\u0308s ostanut taidetta. T\u00e4st\u00e4 taidekokoelmasta merkitta\u0308va\u0308 osa on deponoitu.<\/p>\r\n<h2 id=\"summanen\">Arvo Summanen<\/h2>\r\n<p>Helsingin Saskia ry sai vuonna 2006 testamenttilahjoituksena taidemaalari Arvo Summaselta (1928-2006) yli 300 \u00f6ljymaalausta ja rahavaroja.<\/p>\r\n<p>Rahavaroista on testamentin m\u00e4\u00e4r\u00e4ysten mukaan muodostettu kaksi rahastoa:<br \/><strong>Arvo Summasen taiderahasto<\/strong>, josta on suoritettu Arvo Summasen n\u00e4yttelyiden, mm. Vantaan taidemuseossa olleen muiston\u00e4yttelyn &#8211; Arvo Summanen, Brondan vintin legenda &#8211; j\u00e4rjest\u00e4miseen ja siihen liittyv\u00e4n kirjan julkaisemiseen sek\u00e4 taideteosten luettelointiin-, varastointiin- ja hoitoon liittyv\u00e4t kulut<br \/><strong>Arvo Summasen asuntorahasto<\/strong>, jonka varoja k\u00e4ytet\u00e4\u00e4n testamentissa tarkemmin m\u00e4\u00e4r\u00e4tyll\u00e4 tavalla.<\/p>\r\n<p>Valtaosa kokoelman t\u00f6ist\u00e4 on deponoitu. T\u00f6it\u00e4 on my\u00f6s myyty.<\/p>\r\n<p>&nbsp;<\/p>\r\n<img decoding=\"async\" loading=\"lazy\" class=\"alignnone size-medium wp-image-2026\" src=\"http:\/\/www.saskia.fi\/wp-content\/uploads\/2024\/09\/Summanen-240x300.jpg\" alt=\"\" width=\"240\" height=\"300\" srcset=\"https:\/\/www.saskia.fi\/wp-content\/uploads\/2024\/09\/Summanen-240x300.jpg 240w, https:\/\/www.saskia.fi\/wp-content\/uploads\/2024\/09\/Summanen.jpg 359w\" sizes=\"(max-width: 240px) 100vw, 240px\" \/>\r\n<p class=\"negative_top\">\u00a0<\/p>\r\n<div class=\"spacer\">\u00a0<\/div>\r\n<h2><strong>Erkki Heikkisen taidekokoelma ja muistorahasto <\/strong><\/h2>\r\n<h3>\u00a0<\/h3>\r\n<p>Helsingin Saskia ry.vastaanotti vuonna 2016 testamenttilahjoituksena tunnetun taiteenkera\u0308ilija\u0308n, toimitusjohtaja Erkki Heikkisen taidekokoelman. Kokoelmaan kuului 78 taideteosta, pa\u0308a\u0308osin nykytaiteemme eturivin tekijo\u0308ilta\u0308 mm. Jorma Hautala, Juhani Harri, Pekka Kauhanen, Kristian Krokfors, Matti Kujasalo, Ukri Merikanto, Matti Peltokangas, Tapani Mikkonen, Kain Tapper ja Sam Vanni.<\/p>\r\n<p>Erkki Heikkisen kokoelmaan kuuluvista to\u0308ista\u0308 noin puolet on ta\u0308ha\u0308n mennessa\u0308 myyty. Myynneista\u0308 saaduilla varoilla on perustettu <strong>Erkki Heikkisen muistorahasto. <\/strong>Rahastosta jaetaan Erkki Heikkisen nimea\u0308 kantavia stipendeja\u0308 seka\u0308 tunnustus-ja muita stipendeja\u0308. Varoista myo\u0308nneta\u0308a\u0308n myo\u0308s lahjakirjan mukaisesti avustuksia vaikeuksiin joutuneille pa\u0308a\u0308toimisille kuvataiteilijoille ja heida\u0308n perheilleen.<\/p>\r\n<p>Osa Erkki Heikkisen kokoelmaan kuuluvista taideteoksista on myo\u0308s deponoitu.<\/p>\r\n<h2>\u00a0<\/h2>\r\n<h2><strong>Helga Reinikainen-Somersalon ja Heikki Somersalon taidekokoelma <\/strong><\/h2>\r\n<h3>\u00a0<\/h3>\r\n<p>Taiteilijapariskunta Helga Reinikainen-Somersalon (1940-2018) ja Heikki Somersalon (1936-2015) perikunta lahjoitti talvella 2019 pa\u0308a\u0308osan Somersalojen ja\u0308lkeen ja\u0308a\u0308neista\u0308 taideteoksista, l\u00e4hes 120 \u00a0tyo\u0308ta\u0308, Helsingin Saskia ry:lle.<\/p>\r\n<p>Pa\u0308a\u0308osa taideteoksista on o\u0308ljy-ja akryylimaalauksia. Lahjoittajien toiveiden mukaan Saskiat ovat deponoineet teoksia sairaaloihin ja palvelukoteihin.<\/p>\r\n<\/div>\r\n\r\n<figure class=\"wp-block-image\"><img alt=\"\" \/><\/figure>\r\n","protected":false},"excerpt":{"rendered":"<p>Otsikot Taidekokoelmat ja rahastot Taidekokoelmat ja rahastot J\u00e4ljemp\u00e4n\u00e4 kuvattujen Arvo Summasen, Erkki Heikkisen seka\u0308 Helga Reinikainen-Somersalon ja Heikki Somersalon taidekokoelmien lisa\u0308ksi yhdistys on vuosien mittaan saanut lahjoituksina taiteilijoilta, Suomen Taidegraafikoilta ja yksityishenkil\u00f6ilt\u00e4 useita taideteoksia ja myo\u0308s ostanut taidetta. T\u00e4st\u00e4 taidekokoelmasta merkitta\u0308va\u0308 osa on deponoitu. Arvo Summanen Helsingin Saskia ry sai vuonna 2006 testamenttilahjoituksena taidemaalari Arvo [&hellip;]<\/p>\n","protected":false},"author":2,"featured_media":0,"parent":0,"menu_order":0,"comment_status":"closed","ping_status":"closed","template":"","meta":[],"_links":{"self":[{"href":"https:\/\/www.saskia.fi\/index.php\/wp-json\/wp\/v2\/pages\/32"}],"collection":[{"href":"https:\/\/www.saskia.fi\/index.php\/wp-json\/wp\/v2\/pages"}],"about":[{"href":"https:\/\/www.saskia.fi\/index.php\/wp-json\/wp\/v2\/types\/page"}],"author":[{"embeddable":true,"href":"https:\/\/www.saskia.fi\/index.php\/wp-json\/wp\/v2\/users\/2"}],"replies":[{"embeddable":true,"href":"https:\/\/www.saskia.fi\/index.php\/wp-json\/wp\/v2\/comments?post=32"}],"version-history":[{"count":10,"href":"https:\/\/www.saskia.fi\/index.php\/wp-json\/wp\/v2\/pages\/32\/revisions"}],"predecessor-version":[{"id":2054,"href":"https:\/\/www.saskia.fi\/index.php\/wp-json\/wp\/v2\/pages\/32\/revisions\/2054"}],"wp:attachment":[{"href":"https:\/\/www.saskia.fi\/index.php\/wp-json\/wp\/v2\/media?parent=32"}],"curies":[{"name":"wp","href":"https:\/\/api.w.org\/{rel}","templated":true}]}}