 
{"id":35,"date":"2017-10-11T18:03:07","date_gmt":"2017-10-11T15:03:07","guid":{"rendered":"http:\/\/cee.dy.fi\/saskia\/?page_id=35"},"modified":"2025-11-22T11:40:46","modified_gmt":"2025-11-22T09:40:46","slug":"jasenyys","status":"publish","type":"page","link":"https:\/\/www.saskia.fi\/index.php\/jasenyys\/","title":{"rendered":"J\u00e4senyys"},"content":{"rendered":"<div id=\"full_center\">\n<h1>J\u00e4sensivut:<\/h1>\n<p><a href=\"http:\/\/www.saskia.fi\/index.php\/jasensivu\/\">http:\/\/www.saskia.fi\/index.php\/jasensivu\/<\/a><\/p>\n<div id=\"jasenyys_wrap\">\n<h2>Tervetuloa mukaan Saskia-toimintaan<\/h2>\n<p>Tervetulleita ovat kaikki, jotka haluavat toimia kuvataiteiden ja taiteilijoiden hyv\u00e4ksi. Helsingin Saskia ry:n j\u00e4seniksi voivat liitty\u00e4 esim. kuvataiteilijoiden puolisot, muut l\u00e4heiset ja yst\u00e4v\u00e4t sek\u00e4 kaikki muut yhdistyksen toiminnasta kiinnostuneet.<\/p>\n<p>Yhdistyksen kannatusj\u00e4seneksi voi liitty\u00e4 henkil\u00f6 tai oikeuskelpoinen yhteis\u00f6, jonka yhdistyksen hallitus hyv\u00e4ksyy.<br \/>\n<strong>J\u00e4senmaksu on 35 \u20ac\/vuosi<\/strong> ja <strong>kannatusj\u00e4senmaksu 50 \u20ac\/vuosi<\/strong>.<\/p>\n<h2>Liity mukaan mielenkiintoiseen toimintaamme!<\/h2>\n<p>J\u00e4senyytt\u00e4 voi hakea ottamalla yhteytt\u00e4 puheenjohtajaan tai sihteeriin esim. s\u00e4hk\u00f6postitse. N\u00e4ilt\u00e4, samoin kuin hallituksen j\u00e4senilt\u00e4 saa lis\u00e4tietoja yhdistyksen toiminnasta. Varsinaisilta j\u00e4senilt\u00e4 toivomme osallistumista varainhankintaty\u00f6h\u00f6n. Meill\u00e4 on paljon mukavaa yhteistoimintaa!<\/p>\n<p><strong>Kunniapuheenjohtaja <\/strong><\/p>\n<p>Helsingin Saskia ry:n kunniapuheenjohtajana toimii Tytti Soikkeli\u00a0<strong> \u00a0\u00a0\u00a0\u00a0\u00a0\u00a0\u00a0\u00a0\u00a0\u00a0\u00a0\u00a0\u00a0\u00a0\u00a0\u00a0\u00a0\u00a0\u00a0\u00a0\u00a0\u00a0\u00a0\u00a0\u00a0\u00a0\u00a0\u00a0\u00a0\u00a0\u00a0\u00a0\u00a0\u00a0\u00a0\u00a0\u00a0\u00a0\u00a0\u00a0\u00a0\u00a0\u00a0\u00a0\u00a0\u00a0\u00a0\u00a0\u00a0\u00a0\u00a0\u00a0 <\/strong><\/p>\n<p><strong>Kunniaj\u00e4senet <\/strong><\/p>\n<p>Yhdistyksell\u00e4 voi s\u00e4\u00e4nt\u00f6jen mukaan olla kolme kunniaj\u00e4sent\u00e4. Kunniaj\u00e4seni\u00e4 ovat t\u00e4ll\u00e4 hetkell\u00e4 Pirkko Westerlund ja Liisa Viljanen<\/p>\n<\/div>\n<\/div>\n","protected":false},"excerpt":{"rendered":"<p>J\u00e4sensivut: http:\/\/www.saskia.fi\/index.php\/jasensivu\/ Tervetuloa mukaan Saskia-toimintaan Tervetulleita ovat kaikki, jotka haluavat toimia kuvataiteiden ja taiteilijoiden hyv\u00e4ksi. Helsingin Saskia ry:n j\u00e4seniksi voivat liitty\u00e4 esim. kuvataiteilijoiden puolisot, muut l\u00e4heiset ja yst\u00e4v\u00e4t sek\u00e4 kaikki muut yhdistyksen toiminnasta kiinnostuneet. Yhdistyksen kannatusj\u00e4seneksi voi liitty\u00e4 henkil\u00f6 tai oikeuskelpoinen yhteis\u00f6, jonka yhdistyksen hallitus hyv\u00e4ksyy. J\u00e4senmaksu on 35 \u20ac\/vuosi ja kannatusj\u00e4senmaksu 50 \u20ac\/vuosi. Liity [&hellip;]<\/p>\n","protected":false},"author":2,"featured_media":0,"parent":0,"menu_order":0,"comment_status":"closed","ping_status":"closed","template":"","meta":[],"_links":{"self":[{"href":"https:\/\/www.saskia.fi\/index.php\/wp-json\/wp\/v2\/pages\/35"}],"collection":[{"href":"https:\/\/www.saskia.fi\/index.php\/wp-json\/wp\/v2\/pages"}],"about":[{"href":"https:\/\/www.saskia.fi\/index.php\/wp-json\/wp\/v2\/types\/page"}],"author":[{"embeddable":true,"href":"https:\/\/www.saskia.fi\/index.php\/wp-json\/wp\/v2\/users\/2"}],"replies":[{"embeddable":true,"href":"https:\/\/www.saskia.fi\/index.php\/wp-json\/wp\/v2\/comments?post=35"}],"version-history":[{"count":32,"href":"https:\/\/www.saskia.fi\/index.php\/wp-json\/wp\/v2\/pages\/35\/revisions"}],"predecessor-version":[{"id":2982,"href":"https:\/\/www.saskia.fi\/index.php\/wp-json\/wp\/v2\/pages\/35\/revisions\/2982"}],"wp:attachment":[{"href":"https:\/\/www.saskia.fi\/index.php\/wp-json\/wp\/v2\/media?parent=35"}],"curies":[{"name":"wp","href":"https:\/\/api.w.org\/{rel}","templated":true}]}}