 
{"id":41,"date":"2017-10-11T18:05:04","date_gmt":"2017-10-11T15:05:04","guid":{"rendered":"http:\/\/cee.dy.fi\/saskia\/?page_id=41"},"modified":"2026-04-28T09:48:28","modified_gmt":"2026-04-28T06:48:28","slug":"yhteystiedot","status":"publish","type":"page","link":"https:\/\/www.saskia.fi\/index.php\/yhteystiedot\/","title":{"rendered":"Yhteystiedot"},"content":{"rendered":"<div id=\"full_center\">\n<h1>Yhteystiedot<\/h1>\n<p>Yhdistyksell\u00e4 k\u00e4yt\u00f6ss\u00e4 my\u00f6s Facebook-sivusto, josta l\u00f6ytyy usein enemm\u00e4n valokuvia kuin kotisivuilta.<\/p>\n<p><a href=\"https:\/\/www.facebook.com\/helsinginsaskia\"><strong>https:\/\/www.facebook.com\/helsinginsaskia<\/strong><\/a><\/p>\n<h2 class=\"center\">Hallitus 2026<\/h2>\n<div id=\"contacts_wrap\">\n<div class=\"contact_box\">\n<ul>\n<li><b>Sinikka Tuomi, puheenjohtaja<\/b><\/li>\n<li>Lauttasaarentie 45 A 6<\/li>\n<li>00200 Helsinki<\/li>\n<li>puh. 041 5164 170<\/li>\n<li>puheenjohtaja.saskia@gmail.com<\/li>\n<\/ul>\n<\/div>\n<div class=\"contact_box\">\n<ul>\n<li><b>Maria Liisa Saastamoinen<\/b><\/li>\n<li><strong>Tiedustelut historiikkijulkaisuista:<\/strong><\/li>\n<li>marialiisasaastamoinen@gmail.com<\/li>\n<li>puh. 040 717 2208<\/li>\n<li><\/li>\n<li><\/li>\n<li><\/li>\n<\/ul>\n<\/div>\n<div class=\"contact_box\">\n<ul>\n<li><b>Elina Simolinna<\/b><\/li>\n<li><\/li>\n<li><\/li>\n<li><\/li>\n<li><\/li>\n<\/ul>\n<\/div>\n<div class=\"contact_box\">\n<ul>\n<li><b>Leena Kartimo<\/b><\/li>\n<li><\/li>\n<li><\/li>\n<li><\/li>\n<\/ul>\n<\/div>\n<div class=\"contact_box\">\n<ul>\n<li><b>Eila Alajoki<\/b><\/li>\n<li><strong>Tiedustelut teosgalleriasta:<\/strong><\/li>\n<li>alajokie@gmail.com<\/li>\n<li>puh. 040 706 6533<\/li>\n<\/ul>\n<\/div>\n<div class=\"contact_box\">\n<ul>\n<li><b>Kristiina Drews<\/b><\/li>\n<li><\/li>\n<li><\/li>\n<li><\/li>\n<li><\/li>\n<li><\/li>\n<\/ul>\n<\/div>\n<div class=\"contact_box\">\n<ul>\n<li><strong>Leena Uschanoff<\/strong><\/li>\n<li><\/li>\n<li><b>\u00a0\u00a0\u00a0\u00a0\u00a0\u00a0\u00a0\u00a0\u00a0\u00a0\u00a0 <\/b><\/li>\n<\/ul>\n<\/div>\n<div class=\"contact_box\">\n<ul>\n<li><strong>Nina Laisi, sihteeri<\/strong><\/li>\n<li>puh. 040 8193 891<\/li>\n<li>sihteeri.saskia@gmail.com<\/li>\n<\/ul>\n<\/div>\n<div class=\"contact_box_full_width\">\n<p class=\"contact_info\"><b>PANKKITILI<\/b><\/p>\n<p class=\"center\">FI 93 2401 1800 0208 50<\/p>\n<\/div>\n<\/div>\n<h2 class=\"center\">Muita Saskia- yhdistyksi\u00e4<\/h2>\n<div id=\"muut_saskiat_wrapper\">\n<div class=\"contact_box\"><\/div>\n<div class=\"contact_box\">\n<ul>\n<li><b>Porin Saskiat ry<\/b><\/li>\n<li>info@porinsaskiat.fi<\/li>\n<li>puheenjohtaja@porinsaskiat.fi<\/li>\n<li>pj Kristiina Siirto-Honaknen<\/li>\n<li>sihteeri Kaisu Korpela<\/li>\n<li>044 0581715<\/li>\n<li>R\u00e4yrisk\u00e4ntie 5,\u00a029100 Luvia<\/li>\n<\/ul>\n<\/div>\n<div class=\"contact_box\">\n<ul>\n<li><b>Tampereen Saskiat ry<\/b><\/li>\n<li><a href=\"http:\/\/www.tampereensaskiat.com\" target=\"_blank\" rel=\"noopener\">www.tampereensaskiat.com<\/a><\/li>\n<li>galleria@tampereensaskiat.com<\/li>\n<li>Galleria Saskia,\u00a0auki p\u00e4ivitt\u00e4in klo. 12-18<\/li>\n<li>Pirkankatu 6, 33210 TAMPERE<\/li>\n<li>puh. 03 223 0812<\/li>\n<li>pj Elina Tawast<\/li>\n<li>040 7770 093<a href=\"mailto:elina.tawast@gmail.com\" target=\"_blank\" rel=\"noopener\"> \/ elina.tawast@gmail.com<\/a><\/li>\n<li>sihteeri Kirsi Kaivanto<\/li>\n<li>040 5672 831<\/li>\n<\/ul>\n<\/div>\n<div class=\"contact_box\">\n<ul>\n<li><b>Vaasan Saskiat ry<\/b><\/li>\n<li><a href=\"http:\/\/www.vaasansaskiat.suntuubi.com\" target=\"_blank\" rel=\"noopener\">www.vaasansaskiat.suntuubi.com<\/a><\/li>\n<li>pj Christina Gustafsson<\/li>\n<li><a href=\"mailto:saskiat.puheenjohtaja@gmail.com\">saskiat.puheenjohtaja(at)gmail.com<\/a><\/li>\n<li class=\"more_space\">sihteeri Pirketta Lev\u00f3n<\/li>\n<li>vaasan.saskiat(at)gmail.com<\/li>\n<li>Lev\u00f3ninkatu 15 as 5, 65200 Vaasa<\/li>\n<\/ul>\n<\/div>\n<div class=\"contact_box\">\n<ul>\n<li><b>Lappeenrannan Saskiat ry<\/b><\/li>\n<li>pj Riitta Paltemaa<\/li>\n<li>Rantaniitynkatu 39, 53850 Lappeenranta<\/li>\n<li>puh. 0400 733 046<\/li>\n<li><a href=\"mailto:riitta.paltemaa@pgsminet.fi\">riitta.paltemaa@pgsminet.fi<\/a><\/li>\n<li class=\"more_space\">rahastonhoitaja Anna-Liisa Ylitervo<\/li>\n<li>puh. 050 415 2532<\/li>\n<\/ul>\n<\/div>\n<div class=\"contact_box\">\n<ul>\n<li><b>Oulun Saskiat ry<\/b><\/li>\n<li>oulunsaskiat@gmail.com<\/li>\n<li><a href=\"mailto:info@oulunsaskiat.fi\" target=\"_blank\" rel=\"noopener\">info@oulunsaskiat.fi<\/a><\/li>\n<li class=\"more_space\">pj Kirsi Kivirikko<\/li>\n<li>vpj Anu-Leena Arola<\/li>\n<li class=\"more_space\">sihteeri Sari Juvani<\/li>\n<\/ul>\n<\/div>\n<div class=\"contact_box\">\n<ul>\n<li><b>Turun Saskiat ry<\/b><\/li>\n<li>info@turunsaskiat.com<\/li>\n<li>pj Sirkku Saura<br \/>\npuh 0400 429595<\/li>\n<li><a href=\"mailto:sirkku.saura@terveystalo.com\">sirkku.saura@terveystalo.com<\/a><\/li>\n<li><\/li>\n<li>sihteeri Aira Sundqvist<br \/>\npuh 050 5616741<\/li>\n<li><a href=\"mailto:aira.sundqvist@pp.inet.fi\">aira.sundqvist@pp.inet.fi<\/a><\/li>\n<li><\/li>\n<\/ul>\n<\/div>\n<div class=\"contact_box\"><\/div>\n<\/div>\n<\/div>\n","protected":false},"excerpt":{"rendered":"<p>Yhteystiedot Yhdistyksell\u00e4 k\u00e4yt\u00f6ss\u00e4 my\u00f6s Facebook-sivusto, josta l\u00f6ytyy usein enemm\u00e4n valokuvia kuin kotisivuilta. https:\/\/www.facebook.com\/helsinginsaskia Hallitus 2026 Sinikka Tuomi, puheenjohtaja Lauttasaarentie 45 A 6 00200 Helsinki puh. 041 5164 170 puheenjohtaja.saskia@gmail.com Maria Liisa Saastamoinen Tiedustelut historiikkijulkaisuista: marialiisasaastamoinen@gmail.com puh. 040 717 2208 Elina Simolinna Leena Kartimo Eila Alajoki Tiedustelut teosgalleriasta: alajokie@gmail.com puh. 040 706 6533 Kristiina Drews Leena [&hellip;]<\/p>\n","protected":false},"author":2,"featured_media":0,"parent":0,"menu_order":0,"comment_status":"closed","ping_status":"closed","template":"","meta":[],"_links":{"self":[{"href":"https:\/\/www.saskia.fi\/index.php\/wp-json\/wp\/v2\/pages\/41"}],"collection":[{"href":"https:\/\/www.saskia.fi\/index.php\/wp-json\/wp\/v2\/pages"}],"about":[{"href":"https:\/\/www.saskia.fi\/index.php\/wp-json\/wp\/v2\/types\/page"}],"author":[{"embeddable":true,"href":"https:\/\/www.saskia.fi\/index.php\/wp-json\/wp\/v2\/users\/2"}],"replies":[{"embeddable":true,"href":"https:\/\/www.saskia.fi\/index.php\/wp-json\/wp\/v2\/comments?post=41"}],"version-history":[{"count":74,"href":"https:\/\/www.saskia.fi\/index.php\/wp-json\/wp\/v2\/pages\/41\/revisions"}],"predecessor-version":[{"id":2304,"href":"https:\/\/www.saskia.fi\/index.php\/wp-json\/wp\/v2\/pages\/41\/revisions\/2304"}],"wp:attachment":[{"href":"https:\/\/www.saskia.fi\/index.php\/wp-json\/wp\/v2\/media?parent=41"}],"curies":[{"name":"wp","href":"https:\/\/api.w.org\/{rel}","templated":true}]}}